nvert -b (base 15) to base 3.
-102
-9 (base 12) to base 13
-9
-40 (base 15) to base 6
-140
What is 34 (base 7) in base 11?
23
What is 25 (base 12) in base 4?
131
What is -3 (base 9) in base 14?
-3
2 (base 4) to base 7
2
134 (base 5) to base 4
230
2 (base 6) to base 3
2
1 (base 6) to base 4
1
Convert a (base 15) to base 8.
12
Convert 1 (base 8) to base 2.
1
2 (base 5) to base 3
2
-86 (base 10) to base 6
-222
-2 (base 3) to base 11
-2
-bb (base 14) to base 16
-a5
1 (base 11) to base 14
1
28 (base 13) to base 12
2a
What is 1103 (base 5) in base 10?
153
Convert 7 (base 12) to base 13.
7
Convert -226 (base 10) to base 11.
-196
Convert -4 (base 9) to base 16.
-4
Convert -12 (base 14) to base 10.
-16
What is -a (base 11) in base 3?
-101
What is 3 (base 11) in base 6?
3
What is 17 (base 16) in base 10?
23
-202 (base 3) to base 10
-20
a4 (base 14) to base 12
100
Convert 12 (base 8) to base 5.
20
Convert 120 (base 6) to base 14.
36
120 (base 3) to base 5
30
Convert 24 (base 16) to base 4.
210
1022 (base 4) to base 6
202
What is 2 (base 12) in base 15?
2
-24 (base 16) to base 8
-44
7 (base 10) to base 15
7
Convert 1 (base 6) to base 7.
1
Convert 113 (base 5) to base 16.
21
Convert -11000 (base 2) to base 11.
-22
What is -100 (base 2) in base 13?
-4
-14 (base 6) to base 15
-a
-1 (base 5) to base 10
-1
-30 (base 9) to base 5
-102
-1 (base 3) to base 16
-1
-330 (base 6) to base 11
-105
What is 90 (base 11) in base 16?
63
Convert -100 (base 2) to base 11.
-4
Convert 21 (base 6) to base 14.
d
What is 11 (base 3) in base 15?
4
-4 (base 10) to base 15
-4
-3 (base 4) to base 6
-3
What is -52 (base 6) in base 13?
-26
Convert 59 (base 12) to base 2.
1000101
What is -1 (base 11) in base 5?
-1
What is -12 (base 8) in base 3?
-101
-124 (base 8) to base 12
-70
Convert 122 (base 4) to base 3.
222
What is 207 (base 8) in base 10?
135
What is 21 (base 10) in base 6?
33
-19 (base 13) to base 6
-34
What is -291 (base 10) in base 9?
-353
Convert -112 (base 4) to base 16.
-16
Convert 0 (base 3) to base 16.
0
21 (base 5) to base 10
11
Convert 3 (base 16) to base 7.
3
What is -12 (base 8) in base 3?
-101
Convert -30 (base 5) to base 9.
-16
What is -6c (base 14) in base 3?
-10120
39 (base 11) to base 5
132
-2 (base 11) to base 2
-10
-146 (base 8) to base 2
-1100110
Convert -10 (base 13) to base 14.
-d
Convert 2202 (base 4) to base 5.
1122
What is 1010011 (base 2) in base 13?
65
What is -21 (base 5) in base 4?
-23
-1 (base 3) to base 15
-1
Convert -6 (base 14) to base 6.
-10
-2 (base 6) to base 8
-2
-8 (base 15) to base 16
-8
-5 (base 13) to base 2
-101
What is 1 (base 2) in base 9?
1
Convert -5 (base 15) to base 16.
-5
-30 (base 6) to base 15
-13
What is -100112 (base 3) in base 2?
-100000001
Convert -10000 (base 2) to base 16.
-10
102 (base 3) to base 13
b
11 (base 6) to base 16
7
2 (base 7) to base 6
2
6 (base 12) to base 14
6
2 (base 10) to base 6
2
Convert -1000000 (base 2) to base 5.
-224
Convert -1 (base 12) to base 15.
-1
1 (base 7) to base 4
1
What is 10111100 (base 2) in base 5?
1223
What is 63 (base 9) in base 2?
111001
What is 66 (base 16) in base 5?
402
0 (base 7) to base 14
0
-107 (base 10) to base 9
-128
What is -5 (base 13) in base 4?
-11
Convert 20 (base 4) to base 8.
10
Convert 15 (base 9) to base 3.
112
What is 23 (base 11) in base 14?
1b
-4 (base 16) to base 3
-11
What is -1 (base 3) in base 11?
-1
Convert 76 (base 14) to base 4.
1220
Convert 3 (base 11) to base 6.
3
Convert 6a (base 16) to base 5.
411
What is 13 (base 5) in base 4?
20
-10 (base 9) to base 11
-9
-3 (base 5) to base 4
-3
Convert -2 (base 9) to base 4.
-2
-21 (base 4) to base 15
-9
What is 40 (base 6) in base 9?
26
What is -16 (base 14) in base 13?
-17
What is -b6 (base 14) in base 11?
-136
What is 10 (base 5) in base 6?
5
12 (base 4) to base 7
6
-3 (base 10) to base 16
-3
Convert 49 (base 14) to base 13.
50
Convert -10 (base 9) to base 15.
-9
What is -11 (base 4) in base 12?
-5
What is 3 (base 11) in base 2?
11
16 (base 11) to base 6
25
0 (base 11) to base 8
0
-57 (base 16) to base 13
-69
-22 (base 3) to base 15
-8
What is 238 (base 10) in base 3?
22211
What is 7 (base 10) in base 12?
7
Convert -35 (base 15) to base 13.
-3b
What is 1 (base 9) in base 3?
1
What is -110 (base 6) in base 3?
-1120
Convert -10102 (base 3) to base 6.
-232
-1110 (base 3) to base 10
-39
Convert 9 (base 16) to base 15.
9
a4 (base 12) to base 9
147
What is 11 (base 5) in base 2?
110
Convert 7 (base 16) to base 9.
7
-2 (base 3) to base 4
-2
Convert -10 (base 4) to base 15.
-4
Convert 4 (base 10) to base 8.
4
What is -58 (base 16) in base 5?
-323
What is -2 (base 15) in base 2?
-10
Convert -9 (base 14) to base 11.
-9
What is -2 (base 9) in base 11?
-2
What is -10 (base 12) in base 7?
-15
-300 (base 5) to base 15
-50
-6 (base 10) to base 15
-6
What is -15 (base 9) in base 7?
-20
What is 10 (base 7) in base 13?
7
Convert 80 (base 11) to base 3.
10021
-2 (base 6) to base 12
-2
Convert -3 (base 15) to base 5.
-3
Convert 16 (base 15) to base 3.
210
Convert -100 (base 3) to base 14.
-9
Convert -a (base 15) to base 11.
-a
What is 1012 (base 4) in base 9?
77
0 (base 15) to base 14
0
11 (base 2) to base 13
3
-17 (base 9) to base 10
-16
What is -46 (base 7) in base 16?
-22
24 (base 9) to base 12
1a
Convert -1020 (base 4) to base 13.
-57
-422 (base 5) to base 13
-88
Convert 13a (base 12) to base 5.
1230
What is 7 (base 8) in base 6?
11
What is -23 (base 5) in base 9?
-14
Convert 6 (base 16) to base 5.
11
Convert 1 (base 13) to base 16.
1
3 (base 7) to base 16
3
What is -151 (base 8) in base 15?
-70
-81 (base 12) to base 5
-342
What is -2 (base 11) in base 9?
-2
What is -11 (base 11) in base 3?
-110
What is 221 (base 3) in base 4?
121
What is -14a (base 13) in base 3?
-22120
What is -d (base 14) in base 11?
-12
What is -241 (base 8) in base 7?
-320
What is 1 (base 8) in base 16?
1
What is -69 (base 15) in base 9?
-120
-74 (base 16) to base 7
-224
What is -11 (base 11) in base 8?
-14
What is -20 (base 11) in base 2?
-10110
What is 6 (base 10) in base 7?
6
What is a2 (base 13) in base 2?
10000100
315 (base 6) to base 12
9b
1010 (base 3) to base 14
22
-10 (base 2) to base 5
-2
What is -2 (base 8) in base 3?
-2
Convert -118 (base 9) to base 15.
-68
14 (base 7) to base 2
1011
Convert -7a (base 14) to base 3.
-11000
What is 1011110 (base 2) in base 16?
5e
Convert -2 (base 12) to base 5.
-2
What is 2 (base 11) in base 16?
2
What is 170 (base 13) in base 11?
217
What is -146 (base 10) in base 13?
-b3
109 (base 14) to base 12
151
52 (base 15) to base 4
1031
What is -1 (base 8) in base 5?
-1
What is -262 (base 7) in base 3?
-12021
What is 24 (base 13) in base 12?
26
Convert -7 (base 11) to base 8.
-7
What is -4 (base 16) in base 10?
-4
Convert -22 (base 7) to base 6.
-24
What is -2 (base 5) in base 12?
-2
7b (base 12) to base 9
115
What is 7 (base 9) in base 11?
7
0 (base 8) to base 13
0
What is 3 (base 9) in base 15?
3
Convert 11 (base 14) to base 8.
17
Convert -100000 (base 2) to base 8.
-40
Convert -4 (base 5) to base 14.
-4
Convert 3 (base 12) to base 10.
3
4 (base 6) to base 8
4
Convert 23 (base 6) to base 7.
21
Convert 3 (base 13) to base 6.
3
What is -1 (base 4) in base 3?
-1
Convert -6 (base 10) to base 2.
-110
-5 (base 13) to base 4
-11
Convert -6 (base 14) to base 15.
-6
Convert 10 (base 3) to base 11.
3
17 (base 15) to base 10
22
-6 (base 15) to base 14
-6
-4a (base 14) to base 10
-66
-133 (base 9) to base 5
-421
What is 34 (base 11) in base 8?
45
What is -10 (base 4) in base 14?
-4
-2 (base 6) to base 10
-2
344 (base 5) to base 6
243
3 (base 14) to base 8
3
101011 (base 2) to base 16
2b
What is -2b (base 12) in base 8?
-43
Convert -110 (base 2) to base 4.
-12
202 (base 4) to base 16
22
What is 22 (base 3) in base 2?
1000
5 (base 15) to base 16
5
Convert 2 (base 4) to base 2.
10
Convert 0 (base 14) to base 16.
0
0 (base 6) to base 10
0
Convert 102 (base 6) to base 10.
38
What is 1200 (base 3) in base 14?
33
Convert -3 (base 11) to base 14.
-3
What is 1 (base 3) in base 2?
1
What is -19 (base 11) in base 2?
-10100
-1002 (base 3) to base 13
-23
What is -21 (base 3) in base 13?
-7
1 (base 12) to base 9
1
Convert 1020 (base 4) to base 14.
52
Convert -14 (base 5) to base 10.
-9
What is 20 (base 4) in base 15?
8
Convert -2 (base 4) t